{"id":105,"date":"2013-01-10T10:44:30","date_gmt":"2013-01-10T08:44:30","guid":{"rendered":"http:\/\/www.hertigswalde.de\/?page_id=105"},"modified":"2025-03-31T19:43:11","modified_gmt":"2025-03-31T17:43:11","slug":"wanderwoche","status":"publish","type":"page","link":"https:\/\/www.hertigswalde.de\/?page_id=105","title":{"rendered":"Wanderwoche"},"content":{"rendered":"<p><strong><span style=\"color: #0000ff;\">Wanderwoche &#8222;S\u00e4chsische Schweiz&#8220;<\/span><\/strong><br \/>\n<span style=\"color: #0000ff;\">7 Tage wandern und wohlf\u00fchlen<br \/>\n<span style=\"color: #000000;\">buchbar in der HS &#8211; April bis Oktober (nicht \u00fcber Feiertage)<\/span><\/span><\/p>\n<ul>\n<li>7 \u00dcbernachtungen im Komfortzimmer<\/li>\n<li>Fr\u00fchst\u00fcck vom reichhaltigen B\u00fcffet<\/li>\n<li>eine Flasche Mineralwasser auf dem Zimmer<\/li>\n<li>eine Wanderkarte und Wandervorschl\u00e4ge<\/li>\n<li>Zugang zum Internet \u00fcber W-LAN kostenfrei<\/li>\n<li>kostenloser Parkplatz am Hotel<\/li>\n<\/ul>\n<p><a href=\"http:\/\/www.hertigswalde.de\/wp-content\/uploads\/2013\/01\/Hertigswalde.jpg\"><img loading=\"lazy\" decoding=\"async\" class=\"alignnone size-medium wp-image-204\" src=\"http:\/\/www.hertigswalde.de\/wp-content\/uploads\/2013\/01\/Hertigswalde-300x198.jpg\" alt=\"Hertigswalde\" width=\"300\" height=\"198\" srcset=\"https:\/\/www.hertigswalde.de\/wp-content\/uploads\/2013\/01\/Hertigswalde-300x198.jpg 300w, https:\/\/www.hertigswalde.de\/wp-content\/uploads\/2013\/01\/Hertigswalde.jpg 435w\" sizes=\"auto, (max-width: 300px) 100vw, 300px\" \/><\/a><\/p>\n","protected":false},"excerpt":{"rendered":"<p>Wanderwoche &#8222;S\u00e4chsische Schweiz&#8220; 7 Tage wandern und wohlf\u00fchlen buchbar in der HS &#8211; April bis Oktober (nicht \u00fcber Feiertage) 7 \u00dcbernachtungen im Komfortzimmer Fr\u00fchst\u00fcck vom reichhaltigen B\u00fcffet eine Flasche Mineralwasser auf dem Zimmer eine Wanderkarte und Wandervorschl\u00e4ge Zugang zum Internet &hellip; <a href=\"https:\/\/www.hertigswalde.de\/?page_id=105\">Weiterlesen <span class=\"meta-nav\">&rarr;<\/span><\/a><\/p>\n","protected":false},"author":1,"featured_media":0,"parent":96,"menu_order":20,"comment_status":"closed","ping_status":"open","template":"","meta":{"jetpack_post_was_ever_published":false,"footnotes":""},"class_list":["post-105","page","type-page","status-publish","hentry"],"jetpack_sharing_enabled":true,"jetpack_shortlink":"https:\/\/wp.me\/P4yyaF-1H","_links":{"self":[{"href":"https:\/\/www.hertigswalde.de\/index.php?rest_route=\/wp\/v2\/pages\/105","targetHints":{"allow":["GET"]}}],"collection":[{"href":"https:\/\/www.hertigswalde.de\/index.php?rest_route=\/wp\/v2\/pages"}],"about":[{"href":"https:\/\/www.hertigswalde.de\/index.php?rest_route=\/wp\/v2\/types\/page"}],"author":[{"embeddable":true,"href":"https:\/\/www.hertigswalde.de\/index.php?rest_route=\/wp\/v2\/users\/1"}],"replies":[{"embeddable":true,"href":"https:\/\/www.hertigswalde.de\/index.php?rest_route=%2Fwp%2Fv2%2Fcomments&post=105"}],"version-history":[{"count":12,"href":"https:\/\/www.hertigswalde.de\/index.php?rest_route=\/wp\/v2\/pages\/105\/revisions"}],"predecessor-version":[{"id":1365,"href":"https:\/\/www.hertigswalde.de\/index.php?rest_route=\/wp\/v2\/pages\/105\/revisions\/1365"}],"up":[{"embeddable":true,"href":"https:\/\/www.hertigswalde.de\/index.php?rest_route=\/wp\/v2\/pages\/96"}],"wp:attachment":[{"href":"https:\/\/www.hertigswalde.de\/index.php?rest_route=%2Fwp%2Fv2%2Fmedia&parent=105"}],"curies":[{"name":"wp","href":"https:\/\/api.w.org\/{rel}","templated":true}]}}