{"id":107,"date":"2013-01-10T10:45:07","date_gmt":"2013-01-10T08:45:07","guid":{"rendered":"http:\/\/www.hertigswalde.de\/?page_id=107"},"modified":"2025-03-31T19:45:41","modified_gmt":"2025-03-31T17:45:41","slug":"e-bike","status":"publish","type":"page","link":"https:\/\/www.hertigswalde.de\/?page_id=107","title":{"rendered":"E-Bike"},"content":{"rendered":"<p style=\"text-align: justify;\"><a href=\"http:\/\/www.hertigswalde.de\/wp-content\/uploads\/2013\/01\/E-Bike1.jpg\"><img loading=\"lazy\" decoding=\"async\" class=\" wp-image-128 aligncenter\" src=\"http:\/\/www.hertigswalde.de\/wp-content\/uploads\/2013\/01\/E-Bike1.jpg\" alt=\"E-Bike1\" width=\"750\" height=\"269\" srcset=\"https:\/\/www.hertigswalde.de\/wp-content\/uploads\/2013\/01\/E-Bike1.jpg 750w, https:\/\/www.hertigswalde.de\/wp-content\/uploads\/2013\/01\/E-Bike1-300x107.jpg 300w, https:\/\/www.hertigswalde.de\/wp-content\/uploads\/2013\/01\/E-Bike1-500x179.jpg 500w\" sizes=\"auto, (max-width: 750px) 100vw, 750px\" \/><\/a>E-Bike das Fahrrad mit dem eingebauten R\u00fcckenwind unterst\u00fctzt Sie mit einem Elektromotor beim Treten. Gerade die Berge der S\u00e4chsischen Schweiz sind so viel leichter zu erradeln. Da wird Fahrrad fahren wieder zum Vergn\u00fcgen. Egal ob Waldweg, Schotterweg oder Asphaltstra\u00dfe mit dem E-Bike sind alle Routen problemlos zu bew\u00e4ltigen.<\/p>\n<div id=\"attachment_101\" style=\"width: 250px\" class=\"wp-caption alignright\"><a href=\"http:\/\/www.hertigswalde.de\/wp-content\/uploads\/2013\/01\/E-Bike_Hertigswkl.jpg\"><img loading=\"lazy\" decoding=\"async\" aria-describedby=\"caption-attachment-101\" class=\" wp-image-101 \" src=\"http:\/\/www.hertigswalde.de\/wp-content\/uploads\/2013\/01\/E-Bike_Hertigswkl-300x198.jpg\" alt=\"Fahrradtour auf den Hohen Stra\u00dfe\" width=\"240\" height=\"158\" srcset=\"https:\/\/www.hertigswalde.de\/wp-content\/uploads\/2013\/01\/E-Bike_Hertigswkl-300x198.jpg 300w, https:\/\/www.hertigswalde.de\/wp-content\/uploads\/2013\/01\/E-Bike_Hertigswkl-453x300.jpg 453w, https:\/\/www.hertigswalde.de\/wp-content\/uploads\/2013\/01\/E-Bike_Hertigswkl.jpg 600w\" sizes=\"auto, (max-width: 240px) 100vw, 240px\" \/><\/a><p id=\"caption-attachment-101\" class=\"wp-caption-text\">Fahrradtour auf den Hohen Stra\u00dfe<\/p><\/div>\n<p>Ob kurze f\u00fcr weniger trainierte Radler geeignete Touren oder l\u00e4ngere Wege, f\u00fcr die Sie etwas Kondition ben\u00f6tigen, der Akku unterst\u00fctzt Sie zwischen 80 und 130km.<\/p>\n<p>Wir haben uns selbst aufs Rad gesetzt und f\u00fcr Sie die sch\u00f6nsten Strecken erkundet. E-Bike fahren ist ein neues Fahrgef\u00fchl, das macht richtig Spa\u00df<\/p>\n<p><span style=\"color: #993300;\"><strong>Pauschale<\/strong><\/span><br \/>\n3 Tage &#8222;E-Bike Kurzurlaub&#8220;<br \/>\nper E-Bike durch die S\u00e4chsische Schweiz-Fahrradfahren mit eingebautem R\u00fcckenwind<\/p>\n<ul>\n<li>3 \u00dcbernachtungen mit reichhaltigem Fr\u00fchst\u00fcckb\u00fcffet (auf Wunsch HP zubuchbar) \u00b7<\/li>\n<li>1 Flasche Mineralwasser auf dem Zimmer zur Begr\u00fc\u00dfung<\/li>\n<li>2 Tage Kalkhoff E-Bike Leihfahrrad<\/li>\n<li>Einf\u00fchrung Fahren mit dem E-Bike, Infos \u00fcber Radtouren, Kartenmaterial<br \/>\nPreis: 175,50 EUR pro Person im DZ<br \/>\n189,-EUR pro Person im EZ<br \/>\nZuschlag Halbpension: 45,-EUR pro Person<\/li>\n<\/ul>\n<p><span style=\"color: #993300;\"><strong>Pauschale<br \/>\n<\/strong><span style=\"color: #000000;\">5 Tage &#8222;Urlaub mit dem E-Bike&#8220;<strong><br \/>\n<\/strong><\/span><\/span><span style=\"font-family: Arial,Helvetica,Geneva,Sans-serif,sans-serif;\">per E-Bike durch die S\u00e4chsische Schweiz-Fahrradfahren mit eingebautem R\u00fcckenwind<\/span><\/p>\n<ul>\n<li><span style=\"font-family: Arial,Helvetica,Geneva,Sans-serif,sans-serif;\">5 \u00dcbernachtungen mit Fr\u00fchst\u00fcck (auf Wunsch HP zubuchbar)<\/span><\/li>\n<li><span style=\"font-family: Arial,Helvetica,Geneva,Sans-serif,sans-serif;\">1 Flasche Mineralwasser auf dem Zimmer zur Begr\u00fc\u00dfung<\/span><\/li>\n<li><span style=\"font-family: Arial,Helvetica,Geneva,Sans-serif,sans-serif;\">4 Tage Kalkhoff E-Bike Leihfahrrad <\/span><\/li>\n<li><span style=\"font-family: Arial,Helvetica,Geneva,Sans-serif,sans-serif;\">Einf\u00fchrung Fahren mit dem E-Bike, Infos \u00fcber Radtouren, Kartenmaterial<\/span><br \/>\n<span style=\"font-family: Arial,Helvetica,Geneva,Sans-serif,sans-serif;\">Preis: 282,-EUR pro Person im DZ<br \/>\n302,-EUR pro Person im EZ<br \/>\nZuschlag Halbpension: 75,-EUR pro Person<br \/>\n<\/span><\/li>\n<\/ul>\n<p><strong>Unsere E-Bikes:<\/strong><\/p>\n<ul>\n<li>\u00a028&#8243; E-Bike von Kalkhoff, <a href=\"http:\/\/www.hertigswalde.de\/wp-content\/uploads\/2013\/01\/e_bike.jpg\"><img loading=\"lazy\" decoding=\"async\" class=\" wp-image-131 alignright\" src=\"http:\/\/www.hertigswalde.de\/wp-content\/uploads\/2013\/01\/e_bike.jpg\" alt=\"e_bike\" width=\"212\" height=\"124\" \/><\/a><\/li>\n<li>8 Gang Nexus Nabenschaltung,<\/li>\n<li>Mittelmotor 36V, 250W,<\/li>\n<li>Akku 15Ah,<\/li>\n<li>Reichweite 80 bis 120 km \/ Ladung<\/li>\n<li>Tiefeinsteiger<\/li>\n<\/ul>\n<p><strong><span style=\"color: #993300;\">Preis Ausleihe E-Bike pro Tag<\/span><\/strong><br \/>\n1 Tag 25,-EUR pro Rad<br \/>\nab 3 Tagen 20,-EUR pro Rad und Tag<\/p>\n<p>Bitte vorher reservieren.<\/p>\n","protected":false},"excerpt":{"rendered":"<p>E-Bike das Fahrrad mit dem eingebauten R\u00fcckenwind unterst\u00fctzt Sie mit einem Elektromotor beim Treten. Gerade die Berge der S\u00e4chsischen Schweiz sind so viel leichter zu erradeln. Da wird Fahrrad fahren wieder zum Vergn\u00fcgen. Egal ob Waldweg, Schotterweg oder Asphaltstra\u00dfe mit &hellip; <a href=\"https:\/\/www.hertigswalde.de\/?page_id=107\">Weiterlesen <span class=\"meta-nav\">&rarr;<\/span><\/a><\/p>\n","protected":false},"author":1,"featured_media":0,"parent":96,"menu_order":30,"comment_status":"closed","ping_status":"open","template":"","meta":{"jetpack_post_was_ever_published":false,"footnotes":""},"class_list":["post-107","page","type-page","status-publish","hentry"],"jetpack_sharing_enabled":true,"jetpack_shortlink":"https:\/\/wp.me\/P4yyaF-1J","_links":{"self":[{"href":"https:\/\/www.hertigswalde.de\/index.php?rest_route=\/wp\/v2\/pages\/107","targetHints":{"allow":["GET"]}}],"collection":[{"href":"https:\/\/www.hertigswalde.de\/index.php?rest_route=\/wp\/v2\/pages"}],"about":[{"href":"https:\/\/www.hertigswalde.de\/index.php?rest_route=\/wp\/v2\/types\/page"}],"author":[{"embeddable":true,"href":"https:\/\/www.hertigswalde.de\/index.php?rest_route=\/wp\/v2\/users\/1"}],"replies":[{"embeddable":true,"href":"https:\/\/www.hertigswalde.de\/index.php?rest_route=%2Fwp%2Fv2%2Fcomments&post=107"}],"version-history":[{"count":13,"href":"https:\/\/www.hertigswalde.de\/index.php?rest_route=\/wp\/v2\/pages\/107\/revisions"}],"predecessor-version":[{"id":1366,"href":"https:\/\/www.hertigswalde.de\/index.php?rest_route=\/wp\/v2\/pages\/107\/revisions\/1366"}],"up":[{"embeddable":true,"href":"https:\/\/www.hertigswalde.de\/index.php?rest_route=\/wp\/v2\/pages\/96"}],"wp:attachment":[{"href":"https:\/\/www.hertigswalde.de\/index.php?rest_route=%2Fwp%2Fv2%2Fmedia&parent=107"}],"curies":[{"name":"wp","href":"https:\/\/api.w.org\/{rel}","templated":true}]}}