{"id":147,"date":"2013-01-10T15:24:16","date_gmt":"2013-01-10T13:24:16","guid":{"rendered":"http:\/\/www.hertigswalde.de\/?page_id=147"},"modified":"2013-05-29T10:26:48","modified_gmt":"2013-05-29T08:26:48","slug":"restaurant2","status":"publish","type":"page","link":"https:\/\/www.hertigswalde.de\/?page_id=147","title":{"rendered":"Restaurant"},"content":{"rendered":"<p>&nbsp;<\/p>\n<p style=\"text-align: left;\"><a href=\"http:\/\/www.hertigswalde.de\/wp-content\/uploads\/2013\/01\/Veranda_gro\u00df.jpg\"><img loading=\"lazy\" decoding=\"async\" class=\" wp-image-182 aligncenter\" alt=\"Veranda_gro\u00df\" src=\"http:\/\/www.hertigswalde.de\/wp-content\/uploads\/2013\/01\/Veranda_gro\u00df.jpg\" width=\"750\" height=\"500\" srcset=\"https:\/\/www.hertigswalde.de\/wp-content\/uploads\/2013\/01\/Veranda_gro\u00df.jpg 750w, https:\/\/www.hertigswalde.de\/wp-content\/uploads\/2013\/01\/Veranda_gro\u00df-300x200.jpg 300w, https:\/\/www.hertigswalde.de\/wp-content\/uploads\/2013\/01\/Veranda_gro\u00df-450x300.jpg 450w\" sizes=\"auto, (max-width: 750px) 100vw, 750px\" \/><\/a><br \/>\nVerehrte, liebe G\u00e4ste,<\/p>\n<p style=\"text-align: justify;\">Unser Gasthof blickt auf \u00fcber 180 Jahre durchgehende Gastlichkeit in unserem Ort zur\u00fcck. Dieser langen Familientradition verpflichtet, m\u00f6chten wir Sie herzlich in unserem Restaurant willkommen hei\u00dfen.<\/p>\n<p style=\"text-align: justify;\">In dieser schnellen und hektischen Zeit sind es die kleinen und gro\u00dfen Genussmomente, die Leib und Seele zusammenhalten. Ein gepflegtes Bier, ein gutes Essen, eine angenehme Umgebung. Wir m\u00f6chten unseren G\u00e4sten solche Momente bieten.<a href=\"http:\/\/www.hertigswalde.de\/wp-content\/uploads\/2013\/01\/gastraum.jpg\"><img loading=\"lazy\" decoding=\"async\" class=\"size-medium wp-image-67 alignright\" alt=\"gastraum\" src=\"http:\/\/www.hertigswalde.de\/wp-content\/uploads\/2013\/01\/gastraum-300x200.jpg\" width=\"300\" height=\"200\" srcset=\"https:\/\/www.hertigswalde.de\/wp-content\/uploads\/2013\/01\/gastraum-300x200.jpg 300w, https:\/\/www.hertigswalde.de\/wp-content\/uploads\/2013\/01\/gastraum-450x300.jpg 450w, https:\/\/www.hertigswalde.de\/wp-content\/uploads\/2013\/01\/gastraum.jpg 600w\" sizes=\"auto, (max-width: 300px) 100vw, 300px\" \/><\/a><\/p>\n<p style=\"text-align: justify;\">Wir setzen auf eine gute und abwechslungsreiche s\u00e4chsischen K\u00fcche, bevorzugen regionale und umweltvertr\u00e4gliche Produkte. Wir versuchen bei guter Qualit\u00e4t, entsprechendem Preis und Verf\u00fcgbarkeit mit regionalen Lieferanten zusammen zu arbeiten<\/p>\n\n<p>&nbsp;<\/p>\n","protected":false},"excerpt":{"rendered":"<p>&nbsp; Verehrte, liebe G\u00e4ste, Unser Gasthof blickt auf \u00fcber 180 Jahre durchgehende Gastlichkeit in unserem Ort zur\u00fcck. Dieser langen Familientradition verpflichtet, m\u00f6chten wir Sie herzlich in unserem Restaurant willkommen hei\u00dfen. In dieser schnellen und hektischen Zeit sind es die kleinen &hellip; <a href=\"https:\/\/www.hertigswalde.de\/?page_id=147\">Weiterlesen <span class=\"meta-nav\">&rarr;<\/span><\/a><\/p>\n","protected":false},"author":1,"featured_media":0,"parent":0,"menu_order":20,"comment_status":"closed","ping_status":"open","template":"","meta":{"jetpack_post_was_ever_published":false,"footnotes":""},"class_list":["post-147","page","type-page","status-publish","hentry"],"jetpack_sharing_enabled":true,"jetpack_shortlink":"https:\/\/wp.me\/P4yyaF-2n","_links":{"self":[{"href":"https:\/\/www.hertigswalde.de\/index.php?rest_route=\/wp\/v2\/pages\/147","targetHints":{"allow":["GET"]}}],"collection":[{"href":"https:\/\/www.hertigswalde.de\/index.php?rest_route=\/wp\/v2\/pages"}],"about":[{"href":"https:\/\/www.hertigswalde.de\/index.php?rest_route=\/wp\/v2\/types\/page"}],"author":[{"embeddable":true,"href":"https:\/\/www.hertigswalde.de\/index.php?rest_route=\/wp\/v2\/users\/1"}],"replies":[{"embeddable":true,"href":"https:\/\/www.hertigswalde.de\/index.php?rest_route=%2Fwp%2Fv2%2Fcomments&post=147"}],"version-history":[{"count":7,"href":"https:\/\/www.hertigswalde.de\/index.php?rest_route=\/wp\/v2\/pages\/147\/revisions"}],"predecessor-version":[{"id":183,"href":"https:\/\/www.hertigswalde.de\/index.php?rest_route=\/wp\/v2\/pages\/147\/revisions\/183"}],"wp:attachment":[{"href":"https:\/\/www.hertigswalde.de\/index.php?rest_route=%2Fwp%2Fv2%2Fmedia&parent=147"}],"curies":[{"name":"wp","href":"https:\/\/api.w.org\/{rel}","templated":true}]}}