{"id":523,"date":"2015-05-22T10:19:04","date_gmt":"2015-05-22T08:19:04","guid":{"rendered":"http:\/\/www.hertigswalde.de\/?page_id=523"},"modified":"2015-05-22T10:37:40","modified_gmt":"2015-05-22T08:37:40","slug":"frische-eier","status":"publish","type":"page","link":"https:\/\/www.hertigswalde.de\/?page_id=523","title":{"rendered":"frische Eier"},"content":{"rendered":"<div class=\"tiled-gallery type-rectangular tiled-gallery-unresized\" data-original-width=\"584\" data-carousel-extra='null' itemscope itemtype=\"http:\/\/schema.org\/ImageGallery\" > <div class=\"gallery-row\" style=\"width: 584px; height: 293px;\" data-original-width=\"584\" data-original-height=\"293\" > <div class=\"gallery-group images-1\" style=\"width: 390px; height: 293px;\" data-original-width=\"390\" data-original-height=\"293\" > <div class=\"tiled-gallery-item tiled-gallery-item-large\" itemprop=\"associatedMedia\" itemscope itemtype=\"http:\/\/schema.org\/ImageObject\"> <a href=\"https:\/\/www.hertigswalde.de\/?attachment_id=528\" border=\"0\" itemprop=\"url\"> <meta itemprop=\"width\" content=\"386\"> <meta itemprop=\"height\" content=\"289\"> <img decoding=\"async\" class=\"\" data-attachment-id=\"528\" data-orig-file=\"https:\/\/www.hertigswalde.de\/wp-content\/uploads\/2015\/05\/caruso3.jpg\" data-orig-size=\"1000,750\" data-comments-opened=\"\" data-image-meta=\"{&quot;aperture&quot;:&quot;2.2&quot;,&quot;credit&quot;:&quot;&quot;,&quot;camera&quot;:&quot;iPhone 5s&quot;,&quot;caption&quot;:&quot;&quot;,&quot;created_timestamp&quot;:&quot;1431590060&quot;,&quot;copyright&quot;:&quot;&quot;,&quot;focal_length&quot;:&quot;4.15&quot;,&quot;iso&quot;:&quot;32&quot;,&quot;shutter_speed&quot;:&quot;0.017543859649123&quot;,&quot;title&quot;:&quot;&quot;,&quot;orientation&quot;:&quot;1&quot;}\" data-image-title=\"caruso3\" data-image-description=\"\" data-medium-file=\"https:\/\/www.hertigswalde.de\/wp-content\/uploads\/2015\/05\/caruso3-300x225.jpg\" data-large-file=\"https:\/\/www.hertigswalde.de\/wp-content\/uploads\/2015\/05\/caruso3.jpg\" src=\"https:\/\/i0.wp.com\/www.hertigswalde.de\/wp-content\/uploads\/2015\/05\/caruso3.jpg?w=386&#038;h=289&#038;ssl=1\" srcset=\"https:\/\/www.hertigswalde.de\/wp-content\/uploads\/2015\/05\/caruso3.jpg 1000w, https:\/\/www.hertigswalde.de\/wp-content\/uploads\/2015\/05\/caruso3-300x225.jpg 300w, https:\/\/www.hertigswalde.de\/wp-content\/uploads\/2015\/05\/caruso3-400x300.jpg 400w\" width=\"386\" height=\"289\" loading=\"lazy\" data-original-width=\"386\" data-original-height=\"289\" itemprop=\"http:\/\/schema.org\/image\" title=\"caruso3\" alt=\"caruso3\" style=\"width: 386px; height: 289px;\" \/> <\/a> <\/div> <\/div> <!-- close group --> <div class=\"gallery-group images-2\" style=\"width: 194px; height: 293px;\" data-original-width=\"194\" data-original-height=\"293\" > <div class=\"tiled-gallery-item tiled-gallery-item-small\" itemprop=\"associatedMedia\" itemscope itemtype=\"http:\/\/schema.org\/ImageObject\"> <a href=\"https:\/\/www.hertigswalde.de\/?attachment_id=527\" border=\"0\" itemprop=\"url\"> <meta itemprop=\"width\" content=\"190\"> <meta itemprop=\"height\" content=\"143\"> <img decoding=\"async\" class=\"\" data-attachment-id=\"527\" data-orig-file=\"https:\/\/www.hertigswalde.de\/wp-content\/uploads\/2015\/05\/caruso2.jpg\" data-orig-size=\"1000,750\" data-comments-opened=\"\" data-image-meta=\"{&quot;aperture&quot;:&quot;2.2&quot;,&quot;credit&quot;:&quot;&quot;,&quot;camera&quot;:&quot;iPhone 5s&quot;,&quot;caption&quot;:&quot;&quot;,&quot;created_timestamp&quot;:&quot;1430076107&quot;,&quot;copyright&quot;:&quot;&quot;,&quot;focal_length&quot;:&quot;4.15&quot;,&quot;iso&quot;:&quot;40&quot;,&quot;shutter_speed&quot;:&quot;0.033333333333333&quot;,&quot;title&quot;:&quot;&quot;,&quot;orientation&quot;:&quot;1&quot;}\" data-image-title=\"caruso2\" data-image-description=\"\" data-medium-file=\"https:\/\/www.hertigswalde.de\/wp-content\/uploads\/2015\/05\/caruso2-300x225.jpg\" data-large-file=\"https:\/\/www.hertigswalde.de\/wp-content\/uploads\/2015\/05\/caruso2.jpg\" src=\"https:\/\/i0.wp.com\/www.hertigswalde.de\/wp-content\/uploads\/2015\/05\/caruso2.jpg?w=190&#038;h=143&#038;ssl=1\" srcset=\"https:\/\/www.hertigswalde.de\/wp-content\/uploads\/2015\/05\/caruso2.jpg 1000w, https:\/\/www.hertigswalde.de\/wp-content\/uploads\/2015\/05\/caruso2-300x225.jpg 300w, https:\/\/www.hertigswalde.de\/wp-content\/uploads\/2015\/05\/caruso2-400x300.jpg 400w\" width=\"190\" height=\"143\" loading=\"lazy\" data-original-width=\"190\" data-original-height=\"143\" itemprop=\"http:\/\/schema.org\/image\" title=\"caruso2\" alt=\"caruso2\" style=\"width: 190px; height: 143px;\" \/> <\/a> <\/div> <div class=\"tiled-gallery-item tiled-gallery-item-small\" itemprop=\"associatedMedia\" itemscope itemtype=\"http:\/\/schema.org\/ImageObject\"> <a href=\"https:\/\/www.hertigswalde.de\/?attachment_id=526\" border=\"0\" itemprop=\"url\"> <meta itemprop=\"width\" content=\"190\"> <meta itemprop=\"height\" content=\"142\"> <img decoding=\"async\" class=\"\" data-attachment-id=\"526\" data-orig-file=\"https:\/\/www.hertigswalde.de\/wp-content\/uploads\/2015\/05\/caruso1.jpg\" data-orig-size=\"1000,750\" data-comments-opened=\"\" data-image-meta=\"{&quot;aperture&quot;:&quot;2.2&quot;,&quot;credit&quot;:&quot;&quot;,&quot;camera&quot;:&quot;iPhone 5s&quot;,&quot;caption&quot;:&quot;&quot;,&quot;created_timestamp&quot;:&quot;1430076095&quot;,&quot;copyright&quot;:&quot;&quot;,&quot;focal_length&quot;:&quot;4.15&quot;,&quot;iso&quot;:&quot;40&quot;,&quot;shutter_speed&quot;:&quot;0.033333333333333&quot;,&quot;title&quot;:&quot;&quot;,&quot;orientation&quot;:&quot;1&quot;}\" data-image-title=\"caruso1\" data-image-description=\"\" data-medium-file=\"https:\/\/www.hertigswalde.de\/wp-content\/uploads\/2015\/05\/caruso1-300x225.jpg\" data-large-file=\"https:\/\/www.hertigswalde.de\/wp-content\/uploads\/2015\/05\/caruso1.jpg\" src=\"https:\/\/i0.wp.com\/www.hertigswalde.de\/wp-content\/uploads\/2015\/05\/caruso1.jpg?w=190&#038;h=142&#038;ssl=1\" srcset=\"https:\/\/www.hertigswalde.de\/wp-content\/uploads\/2015\/05\/caruso1.jpg 1000w, https:\/\/www.hertigswalde.de\/wp-content\/uploads\/2015\/05\/caruso1-300x225.jpg 300w, https:\/\/www.hertigswalde.de\/wp-content\/uploads\/2015\/05\/caruso1-400x300.jpg 400w\" width=\"190\" height=\"142\" loading=\"lazy\" data-original-width=\"190\" data-original-height=\"142\" itemprop=\"http:\/\/schema.org\/image\" title=\"caruso1\" alt=\"caruso1\" style=\"width: 190px; height: 142px;\" \/> <\/a> <\/div> <\/div> <!-- close group --> <\/div> <!-- close row --> <div class=\"gallery-row\" style=\"width: 584px; height: 454px;\" data-original-width=\"584\" data-original-height=\"454\" > <div class=\"gallery-group images-1\" style=\"width: 584px; height: 454px;\" data-original-width=\"584\" data-original-height=\"454\" > <div class=\"tiled-gallery-item tiled-gallery-item-large\" itemprop=\"associatedMedia\" itemscope itemtype=\"http:\/\/schema.org\/ImageObject\"> <a href=\"https:\/\/www.hertigswalde.de\/?attachment_id=529\" border=\"0\" itemprop=\"url\"> <meta itemprop=\"width\" content=\"580\"> <meta itemprop=\"height\" content=\"450\"> <img decoding=\"async\" class=\"\" data-attachment-id=\"529\" data-orig-file=\"https:\/\/www.hertigswalde.de\/wp-content\/uploads\/2015\/05\/Fuchs.jpg\" data-orig-size=\"1000,776\" data-comments-opened=\"\" data-image-meta=\"{&quot;aperture&quot;:&quot;2.8&quot;,&quot;credit&quot;:&quot;&quot;,&quot;camera&quot;:&quot;SG560PV&quot;,&quot;caption&quot;:&quot;&quot;,&quot;created_timestamp&quot;:&quot;1366968364&quot;,&quot;copyright&quot;:&quot;&quot;,&quot;focal_length&quot;:&quot;6.47&quot;,&quot;iso&quot;:&quot;200&quot;,&quot;shutter_speed&quot;:&quot;0.0073529411764706&quot;,&quot;title&quot;:&quot;&quot;,&quot;orientation&quot;:&quot;1&quot;}\" data-image-title=\"Fuchs\" data-image-description=\"\" data-medium-file=\"https:\/\/www.hertigswalde.de\/wp-content\/uploads\/2015\/05\/Fuchs-300x233.jpg\" data-large-file=\"https:\/\/www.hertigswalde.de\/wp-content\/uploads\/2015\/05\/Fuchs.jpg\" src=\"https:\/\/i0.wp.com\/www.hertigswalde.de\/wp-content\/uploads\/2015\/05\/Fuchs.jpg?w=580&#038;h=450&#038;ssl=1\" srcset=\"https:\/\/www.hertigswalde.de\/wp-content\/uploads\/2015\/05\/Fuchs.jpg 1000w, https:\/\/www.hertigswalde.de\/wp-content\/uploads\/2015\/05\/Fuchs-300x233.jpg 300w, https:\/\/www.hertigswalde.de\/wp-content\/uploads\/2015\/05\/Fuchs-387x300.jpg 387w\" width=\"580\" height=\"450\" loading=\"lazy\" data-original-width=\"580\" data-original-height=\"450\" itemprop=\"http:\/\/schema.org\/image\" title=\"Fuchs\" alt=\"Fuchs\" style=\"width: 580px; height: 450px;\" \/> <\/a> <\/div> <\/div> <!-- close group --> <\/div> <!-- close row --> <\/div>\n<p>Gr\u00fcne Eier? -&#8222;&#8230;.habt Ihr die angemahlt&#8220;. &#8211; Nat\u00fcrlich nicht. Die Eier auf dem Fr\u00fchst\u00fccksbuffet stammen im Gasthof Hertigswalde von eigen H\u00fchnern hinter dem Haus\u00a0und die legen braune, rotbraune und gr\u00fcne Eier.<\/p>\n<p>Der Stall war m\u00e4chtig in die Jahre gekommen, im Jahr 2014 machte sich an alter Stelle ein Neubau notwendig, optimiert f\u00fcr H\u00fchner und f\u00fcr den H\u00fchnerhalter. Der neuste Stand der Technik ist eine automatische H\u00fchnerklappe, die abends bei D\u00e4mmerung alleine schlie\u00dft. So hat der Fuchs auch keine Chance.<\/p>\n","protected":false},"excerpt":{"rendered":"<p>Gr\u00fcne Eier? -&#8222;&#8230;.habt Ihr die angemahlt&#8220;. &#8211; Nat\u00fcrlich nicht. Die Eier auf dem Fr\u00fchst\u00fccksbuffet stammen im Gasthof Hertigswalde von eigen H\u00fchnern hinter dem Haus\u00a0und die legen braune, rotbraune und gr\u00fcne Eier. Der Stall war m\u00e4chtig in die Jahre gekommen, im &hellip; <a href=\"https:\/\/www.hertigswalde.de\/?page_id=523\">Weiterlesen <span class=\"meta-nav\">&rarr;<\/span><\/a><\/p>\n","protected":false},"author":1,"featured_media":0,"parent":70,"menu_order":40,"comment_status":"closed","ping_status":"open","template":"","meta":{"jetpack_post_was_ever_published":false,"footnotes":""},"class_list":["post-523","page","type-page","status-publish","hentry"],"jetpack_sharing_enabled":true,"jetpack_shortlink":"https:\/\/wp.me\/P4yyaF-8r","_links":{"self":[{"href":"https:\/\/www.hertigswalde.de\/index.php?rest_route=\/wp\/v2\/pages\/523","targetHints":{"allow":["GET"]}}],"collection":[{"href":"https:\/\/www.hertigswalde.de\/index.php?rest_route=\/wp\/v2\/pages"}],"about":[{"href":"https:\/\/www.hertigswalde.de\/index.php?rest_route=\/wp\/v2\/types\/page"}],"author":[{"embeddable":true,"href":"https:\/\/www.hertigswalde.de\/index.php?rest_route=\/wp\/v2\/users\/1"}],"replies":[{"embeddable":true,"href":"https:\/\/www.hertigswalde.de\/index.php?rest_route=%2Fwp%2Fv2%2Fcomments&post=523"}],"version-history":[{"count":3,"href":"https:\/\/www.hertigswalde.de\/index.php?rest_route=\/wp\/v2\/pages\/523\/revisions"}],"predecessor-version":[{"id":531,"href":"https:\/\/www.hertigswalde.de\/index.php?rest_route=\/wp\/v2\/pages\/523\/revisions\/531"}],"up":[{"embeddable":true,"href":"https:\/\/www.hertigswalde.de\/index.php?rest_route=\/wp\/v2\/pages\/70"}],"wp:attachment":[{"href":"https:\/\/www.hertigswalde.de\/index.php?rest_route=%2Fwp%2Fv2%2Fmedia&parent=523"}],"curies":[{"name":"wp","href":"https:\/\/api.w.org\/{rel}","templated":true}]}}