{"id":70,"date":"2013-01-10T01:13:53","date_gmt":"2013-01-09T23:13:53","guid":{"rendered":"http:\/\/www.hertigswalde.de\/?page_id=70"},"modified":"2023-01-27T21:01:45","modified_gmt":"2023-01-27T19:01:45","slug":"speisekarte","status":"publish","type":"page","link":"https:\/\/www.hertigswalde.de\/?page_id=70","title":{"rendered":"Speisekarte"},"content":{"rendered":"\n<p><strong>Kraftbr\u00fche<\/strong>&nbsp;<br>mit Fleischkl\u00f6\u00dfchen und Eieinlage<br><strong>Soljanka<sup>2<\/sup><\/strong>&nbsp;<br>abgerundet mit Sauerrahm dazu Wei\u00dfbrot<br><strong>W\u00fcrzfleisch<\/strong>&nbsp;<br>mit K\u00e4se \u00fcberbacken und Toastecken<\/p>\n<p><strong>kleiner Salatteller<\/strong><br>knackigem Salatallerlei mit Dressing<span class=\"Apple-converted-space\">&nbsp;<br><\/span><strong>Salatteller mit Hirtenk\u00e4se<\/strong>&nbsp;<br>Salatvariation, Schinkenstreifen<sup>2<\/sup>, Hirtenk\u00e4se und Wei\u00dfbrot<br>T<strong>omate mit Mozzarella<\/strong><br>mit nativen Oliven\u00f6l und Wei\u00dfbrot<br><strong>Salatvariation mit Putenbruststreifen<\/strong><br>Verschiedene Salate mit frisch gebratenen Putenbruststreifen,<span class=\"Apple-converted-space\">&nbsp;<br><\/span>Dressing und Wei\u00dfbrot<\/p>\n<p><strong>Fangfrische Forelle<\/strong>&nbsp;<br>gebraten Forelle \u201eM\u00fcllerin Art\u201c mit zerlassener<span class=\"Apple-converted-space\">&nbsp;<br><\/span>Butter, kleiner Salatteller und Petersilienkartoffeln<br>Fisch vom Forellenhof Ermisch in Langburkersdorf aus dem Brunnen in unserem Hof<br><strong>Forellenfilet<\/strong>&nbsp;<br>gebraten mit zerlassener Butter, Salat<span class=\"Apple-converted-space\">&nbsp;<\/span>und Petersilienkartoffeln<br><span class=\"Apple-converted-space\">&nbsp;<\/span><strong>Filet vom Saibling<\/strong>&nbsp;<br>auf der Hautseite in Butter gebraten<span class=\"Apple-converted-space\">&nbsp;<br><\/span>mit Salat auf gr\u00fcnen Nudeln<br>Fisch vom Forellenhof Ermisch in Langburkersdorf<\/p>\n<p><strong>warmer Gem\u00fcsestrudel<\/strong> und Salatbukett klein&nbsp;<br>mit Karotten, Mais, Broccoli &amp; Kohlrabi im Strudelteig gro\u00df&nbsp;<br><strong>Gef\u00fcllte Teigtasche<\/strong>n<br>mit einer F\u00fcllung aus Blattspinat, Lauch, und Zwiebeln<\/p>\n<p><strong>Hertigswalder Dam-Hirschbraten<\/strong>&nbsp;<br>in Wacholder- Rotweinso\u00dfe dazu Preiselbeeren,<span class=\"Apple-converted-space\">&nbsp;<br><\/span>Rotkohl und hausgemachte Kn\u00f6del<br>mit Wildfleisch aus dem hauseigenen Gehege hinter dem Gasthof<br><strong>Hertigswalder Hirschgulasch<\/strong><br>mit Rotkohl,<b> <\/b>Preiselbeeren und hausgemachten Kn\u00f6deln<br>mit Wildfleisch aus dem hauseigenen Gehege hinter dem Gasthof<br><strong>Wildburger<\/strong> mit Pommes frites&nbsp;<br>Saftiges Damwildfleisch, knackiger Salat, Tomate und Kr\u00e4uterdipp<\/p>\n<p><strong>Schweineschnitzel<\/strong>&nbsp;<br>paniertes Schnitzel aus dem Schweinelachs, Gem\u00fcse und Kartoffelkroketten<br><strong>H\u00e4hnchenbrustfilet<\/strong>&nbsp;<br>Gef\u00fcllt mit Schinken<sup>2<\/sup> und K\u00e4se, Gem\u00fcse und Kartoffelkroketten<br><strong>Putenschnitzel<\/strong><br>Paniertes Schnitzel aus der Putenbrust mit<span class=\"Apple-converted-space\">&nbsp;<br><\/span>Gem\u00fcse und Kartoffelspalten<br><strong>Schweinsteak mit W\u00fcrzfleisch<\/strong> und K\u00e4se<br>im Ofen \u00fcberbacken und Pommes fites<br><strong>Zigeunersteak\u201c<\/strong>&nbsp;<br>Schweinesteak mit Zigeunerso\u00dfe<sup>2<\/sup> und Pommes frites<\/p>\n<p>Hausmacher S\u00fclze&nbsp;<br>mit Zwiebelringen, Gew\u00fcrzgurke<sup>7<\/sup>, Kr\u00e4uterremoulade,<span class=\"Apple-converted-space\">&nbsp;<br><\/span>Salat und R\u00f6stkartoffeln<br>Strammer Max&nbsp;<br>zwei Spiegeleier auf gekochten Schinken<sup>2<\/sup> und Brot<br>Gemischter Aufschnitt mit Wurst <sup>2,3<\/sup> und K\u00e4se, Butter und Brotkorb<br>Bratenbrot&nbsp;<br>Schweinebraten auf Brot mit Senf-Butter, Gew\u00fcrzgurke<sup>7<\/sup>,<span class=\"Apple-converted-space\">&nbsp;<br><\/span>Spiegelei<\/p>\n<p>Die Preise zu den Gerichten finden Sie dann in der gedruckten Version in unserem Restaurant.<\/p>\n","protected":false},"excerpt":{"rendered":"<p>Kraftbr\u00fche&nbsp;mit Fleischkl\u00f6\u00dfchen und EieinlageSoljanka2&nbsp;abgerundet mit Sauerrahm dazu Wei\u00dfbrotW\u00fcrzfleisch&nbsp;mit K\u00e4se \u00fcberbacken und Toastecken kleiner Salattellerknackigem Salatallerlei mit Dressing&nbsp;Salatteller mit Hirtenk\u00e4se&nbsp;Salatvariation, Schinkenstreifen2, Hirtenk\u00e4se und Wei\u00dfbrotTomate mit Mozzarellamit nativen Oliven\u00f6l und Wei\u00dfbrotSalatvariation mit PutenbruststreifenVerschiedene Salate mit frisch gebratenen Putenbruststreifen,&nbsp;Dressing und Wei\u00dfbrot Fangfrische Forelle&nbsp;gebraten &hellip; <a href=\"https:\/\/www.hertigswalde.de\/?page_id=70\">Weiterlesen <span class=\"meta-nav\">&rarr;<\/span><\/a><\/p>\n","protected":false},"author":1,"featured_media":0,"parent":147,"menu_order":2,"comment_status":"closed","ping_status":"closed","template":"","meta":{"jetpack_post_was_ever_published":false,"footnotes":""},"class_list":["post-70","page","type-page","status-publish","hentry"],"jetpack_sharing_enabled":true,"jetpack_shortlink":"https:\/\/wp.me\/P4yyaF-18","_links":{"self":[{"href":"https:\/\/www.hertigswalde.de\/index.php?rest_route=\/wp\/v2\/pages\/70","targetHints":{"allow":["GET"]}}],"collection":[{"href":"https:\/\/www.hertigswalde.de\/index.php?rest_route=\/wp\/v2\/pages"}],"about":[{"href":"https:\/\/www.hertigswalde.de\/index.php?rest_route=\/wp\/v2\/types\/page"}],"author":[{"embeddable":true,"href":"https:\/\/www.hertigswalde.de\/index.php?rest_route=\/wp\/v2\/users\/1"}],"replies":[{"embeddable":true,"href":"https:\/\/www.hertigswalde.de\/index.php?rest_route=%2Fwp%2Fv2%2Fcomments&post=70"}],"version-history":[{"count":39,"href":"https:\/\/www.hertigswalde.de\/index.php?rest_route=\/wp\/v2\/pages\/70\/revisions"}],"predecessor-version":[{"id":1267,"href":"https:\/\/www.hertigswalde.de\/index.php?rest_route=\/wp\/v2\/pages\/70\/revisions\/1267"}],"up":[{"embeddable":true,"href":"https:\/\/www.hertigswalde.de\/index.php?rest_route=\/wp\/v2\/pages\/147"}],"wp:attachment":[{"href":"https:\/\/www.hertigswalde.de\/index.php?rest_route=%2Fwp%2Fv2%2Fmedia&parent=70"}],"curies":[{"name":"wp","href":"https:\/\/api.w.org\/{rel}","templated":true}]}}