{"id":75,"date":"2013-01-10T01:16:34","date_gmt":"2013-01-09T23:16:34","guid":{"rendered":"http:\/\/www.hertigswalde.de\/?page_id=75"},"modified":"2026-02-27T10:10:30","modified_gmt":"2026-02-27T08:10:30","slug":"offnungszeiten","status":"publish","type":"page","link":"https:\/\/www.hertigswalde.de\/?page_id=75","title":{"rendered":"\u00d6ffnungszeiten"},"content":{"rendered":"\n<p><\/p>\n\n\n\n<p><strong>\u00d6ffnungszeiten ab 01.01.2026<\/strong><\/p>\n\n\n\n<figure class=\"wp-block-table\"><table><tbody><tr><td>Montag:<\/td><td>Ruhetag<\/td><td>&#8212;<\/td><\/tr><tr><td>Dienstag:<\/td><td>Ruhetag<\/td><td>f\u00fcr Hausg\u00e4ste ge\u00f6ffnet<\/td><\/tr><tr><td>Mittwoch:<\/td><td>&#8212;<\/td><td>17:00 &#8211; 22:00 Uhr<\/td><\/tr><tr><td>Donnerstag:<\/td><td>&#8212;<\/td><td>17:00 &#8211; 22:00 Uhr<\/td><\/tr><tr><td>&nbsp;Freitag<\/td><td>&#8212;<\/td><td>17:00 &#8211; 22:00 Uhr<\/td><\/tr><tr><td>Samstag<\/td><td><\/td><td>17:00 &#8211; 22:00 Uhr<\/td><\/tr><tr><td>Sonntag<\/td><td>11:00 &#8211; 15:00 Uhr<\/td><td>abends f\u00fcr Hausg\u00e4ste ge\u00f6ffnet<\/td><\/tr><\/tbody><\/table><\/figure>\n\n\n\n<p>Aus personellen Gr\u00fcnden hat unser Restaurant an manchen Tagen generell nur f\u00fcr Hausg\u00e4ste ge\u00f6ffnet.<\/p>\n","protected":false},"excerpt":{"rendered":"<p>\u00d6ffnungszeiten ab 01.01.2026 Montag: Ruhetag &#8212; Dienstag: Ruhetag f\u00fcr Hausg\u00e4ste ge\u00f6ffnet Mittwoch: &#8212; 17:00 &#8211; 22:00 Uhr Donnerstag: &#8212; 17:00 &#8211; 22:00 Uhr &nbsp;Freitag &#8212; 17:00 &#8211; 22:00 Uhr Samstag 17:00 &#8211; 22:00 Uhr Sonntag 11:00 &#8211; 15:00 Uhr abends &hellip; <a href=\"https:\/\/www.hertigswalde.de\/?page_id=75\">Weiterlesen <span class=\"meta-nav\">&rarr;<\/span><\/a><\/p>\n","protected":false},"author":1,"featured_media":0,"parent":147,"menu_order":3,"comment_status":"closed","ping_status":"closed","template":"","meta":{"jetpack_post_was_ever_published":false,"footnotes":""},"class_list":["post-75","page","type-page","status-publish","hentry"],"jetpack_sharing_enabled":true,"jetpack_shortlink":"https:\/\/wp.me\/P4yyaF-1d","_links":{"self":[{"href":"https:\/\/www.hertigswalde.de\/index.php?rest_route=\/wp\/v2\/pages\/75","targetHints":{"allow":["GET"]}}],"collection":[{"href":"https:\/\/www.hertigswalde.de\/index.php?rest_route=\/wp\/v2\/pages"}],"about":[{"href":"https:\/\/www.hertigswalde.de\/index.php?rest_route=\/wp\/v2\/types\/page"}],"author":[{"embeddable":true,"href":"https:\/\/www.hertigswalde.de\/index.php?rest_route=\/wp\/v2\/users\/1"}],"replies":[{"embeddable":true,"href":"https:\/\/www.hertigswalde.de\/index.php?rest_route=%2Fwp%2Fv2%2Fcomments&post=75"}],"version-history":[{"count":58,"href":"https:\/\/www.hertigswalde.de\/index.php?rest_route=\/wp\/v2\/pages\/75\/revisions"}],"predecessor-version":[{"id":1377,"href":"https:\/\/www.hertigswalde.de\/index.php?rest_route=\/wp\/v2\/pages\/75\/revisions\/1377"}],"up":[{"embeddable":true,"href":"https:\/\/www.hertigswalde.de\/index.php?rest_route=\/wp\/v2\/pages\/147"}],"wp:attachment":[{"href":"https:\/\/www.hertigswalde.de\/index.php?rest_route=%2Fwp%2Fv2%2Fmedia&parent=75"}],"curies":[{"name":"wp","href":"https:\/\/api.w.org\/{rel}","templated":true}]}}