{"id":94,"date":"2013-01-10T10:21:14","date_gmt":"2013-01-10T08:21:14","guid":{"rendered":"http:\/\/www.hertigswalde.de\/?page_id=94"},"modified":"2024-04-07T11:28:15","modified_gmt":"2024-04-07T09:28:15","slug":"preise","status":"publish","type":"page","link":"https:\/\/www.hertigswalde.de\/?page_id=94","title":{"rendered":"Preise"},"content":{"rendered":"\n<div id=\"pricesFrame\">&nbsp;<\/div>\n<p><script type=\"text\/javascript\" src=\"\/\/www.easy-booking.at\/ebPlugins\/prices\/jquery.easybooking.pricelist.v2.js\"><\/script> <script type=\"text\/javascript\">\nfunction ebPricesLoadedCheck() {\n    if(typeof jQuery != \"undefined\") {\n        if(jQuery.fn.ebPricelist) {\n            jQuery(\"#pricesFrame\").ebPricelist({\n                customerId: 4766,\n                serialNo: \"8017-6989-8938\",\n                localeId: 2,\n                loadCSS : true,\n                arrivalDate : \"\",\n                category : \"all\",\n                showAvailability: true,\n                enquiryPage : \"popup\",\n                bookingPage : \"popup\",\n                bookingEngine: 2\n            });\n        } else{setTimeout(ebPricesLoadedCheck,200);}\n    }else{setTimeout(ebPricesLoadedCheck,200);}\n}\nebPricesLoadedCheck();\n<\/script><\/p>\n\n\n<p>Die angezeigten Preise verstehen sich ab drei \u00dcbernachtungen, bei 1-2 N\u00e4chten wird ein Zuschlag erhoben.<\/p>\n<p><span style=\"color: #008000;\"><strong>Alle Preise gelten pro Zimmer\/Nacht und beinhalten:<\/strong><\/span><\/p>\n<ul>\n<li>die derzeit g\u00fcltige Mehrwertsteuer<\/li>\n<li>reichhaltiges Fr\u00fchst\u00fccksbuffet<\/li>\n<li>kostenfreier Parkplatz am Hotel<\/li>\n<li>Zugang zum Internet \u00fcber W-LAN<\/li>\n<\/ul>\n<p><span style=\"color: #008000;\"><strong>zubuchbar:<\/strong><\/span><\/p>\n<ul>\n<li>abwechslungsreiches 3 Gang Abendmen\u00fc \u00e1 22,00 \u20ac pro Person<\/li>\n<li>Babybett \u00e1 9,00 \u20ac\/Nacht<\/li>\n<li>Reinigungspauschale f\u00fcr Haustiere\/Hunde \u00a0ca 10,-EUR \u20ac\/Nacht<\/li>\n<\/ul>\n<p><span style=\"color: #008000;\">zuz\u00fcglich der von der Gemeinde erhobenen \u00a0Kurtaxe von 2,50 EUR pro Person\/Nacht<\/span><\/p>\n<p>Eine Ladem\u00f6glichkeit f\u00fcr Elektroautos ist vorhanden, es einstehen Zusatzkosten.<\/p>\n<p><span style=\"color: #000000;\"> An langen Feiertagswochenenden gilt ein Mindestaufenthalt von 3 N\u00e4chten.<\/span><br \/><span style=\"color: #000000;\"><b>Bitte beachten Sie, dass wir ein Nichtraucherhotel sind. Alle Hotelzimmer und der \u00f6ffentliche Restaurantbereich sind Nichtraucherzone!<\/b><b>\u00a0<\/b><\/span><\/p>\n<p><span style=\"color: #000000;\"><b> In unserem Biergarten und auf der Eingangstreppe k\u00f6nnen Sie selbstverst\u00e4ndlich rauchen.<\/b><\/span><\/p>\n<p>*gilt nicht an Wochenenden mit angrenzenden Feiertagen.<\/p>\n<p>\u00a0<\/p>\n<p>\u00a0<\/p>","protected":false},"excerpt":{"rendered":"<p>&nbsp; Die angezeigten Preise verstehen sich ab drei \u00dcbernachtungen, bei 1-2 N\u00e4chten wird ein Zuschlag erhoben. Alle Preise gelten pro Zimmer\/Nacht und beinhalten: die derzeit g\u00fcltige Mehrwertsteuer reichhaltiges Fr\u00fchst\u00fccksbuffet kostenfreier Parkplatz am Hotel Zugang zum Internet \u00fcber W-LAN zubuchbar: abwechslungsreiches &hellip; <a href=\"https:\/\/www.hertigswalde.de\/?page_id=94\">Weiterlesen <span class=\"meta-nav\">&rarr;<\/span><\/a><\/p>\n","protected":false},"author":1,"featured_media":0,"parent":43,"menu_order":10,"comment_status":"closed","ping_status":"open","template":"","meta":{"jetpack_post_was_ever_published":false,"footnotes":""},"class_list":["post-94","page","type-page","status-publish","hentry"],"jetpack_sharing_enabled":true,"jetpack_shortlink":"https:\/\/wp.me\/P4yyaF-1w","_links":{"self":[{"href":"https:\/\/www.hertigswalde.de\/index.php?rest_route=\/wp\/v2\/pages\/94","targetHints":{"allow":["GET"]}}],"collection":[{"href":"https:\/\/www.hertigswalde.de\/index.php?rest_route=\/wp\/v2\/pages"}],"about":[{"href":"https:\/\/www.hertigswalde.de\/index.php?rest_route=\/wp\/v2\/types\/page"}],"author":[{"embeddable":true,"href":"https:\/\/www.hertigswalde.de\/index.php?rest_route=\/wp\/v2\/users\/1"}],"replies":[{"embeddable":true,"href":"https:\/\/www.hertigswalde.de\/index.php?rest_route=%2Fwp%2Fv2%2Fcomments&post=94"}],"version-history":[{"count":27,"href":"https:\/\/www.hertigswalde.de\/index.php?rest_route=\/wp\/v2\/pages\/94\/revisions"}],"predecessor-version":[{"id":1328,"href":"https:\/\/www.hertigswalde.de\/index.php?rest_route=\/wp\/v2\/pages\/94\/revisions\/1328"}],"up":[{"embeddable":true,"href":"https:\/\/www.hertigswalde.de\/index.php?rest_route=\/wp\/v2\/pages\/43"}],"wp:attachment":[{"href":"https:\/\/www.hertigswalde.de\/index.php?rest_route=%2Fwp%2Fv2%2Fmedia&parent=94"}],"curies":[{"name":"wp","href":"https:\/\/api.w.org\/{rel}","templated":true}]}}